 u**3 - 41*u**2 + 144*u + 30. Calculate a(4).
14
Let n(f) = 2*f**3 + 4*f**2 - 11. Calculate n(-5).
-161
Let y(v) = 8*v - 80. Give y(-3).
-104
Let n(v) = -v**2 - 332*v + 3408. What is n(10)?
-12
Let c(p) = -55*p - 188. Give c(-3).
-23
Let a(b) = -52*b + 1046. Give a(20).
6
Let s(q) = 14*q + 298. What is s(-35)?
-192
Let l(o) = 250*o + 1749. What is l(-7)?
-1
Let q(t) = t**3 + 27*t**2 + 42*t + 112. Give q(-26).
-304
Let u(z) = 10*z**2 + 26*z - 26. Determine u(1).
10
Let a(q) = -q**2 - 59*q - 738. Determine a(-18).
0
Let n(l) = 4*l**2 - 71*l + 21. Calculate n(15).
-144
Let r(b) = -b**3 - 17*b**2 + 31*b + 11. Determine r(-18).
-223
Let d(r) = -r**3 - 18*r**2 - 63*r + 31. Give d(-13).
5
Let x(q) = 180*q + 345. Determine x(-2).
-15
Let o(j) = -2*j**2 - 39*j + 1689. Determine o(23).
-266
Let w(z) = -2*z**2 + 51*z - 274. Determine w(11).
45
Let g(x) = -59*x + 3. Calculate g(-1).
62
Let l(r) = -r**3 - 6*r**2 - 3*r + 4. What is l(-4)?
-16
Let u(g) = -g**3 - g**2 + 22*g + 11. What is u(-7)?
151
Let y(z) = 3*z**3 - 44*z**2 - 297*z - 7. Determine y(-5).
3
Let k(w) = -w**2 + 68*w + 344. Determine k(72).
56
Let f(p) = 80*p - 11026. What is f(138)?
14
Let z(i) = -i**3 - 90*i**2 + 181*i - 268. Calculate z(-92).
8
Let g(s) = -s**3 - 30*s**2 - 218*s - 30. Calculate g(-12).
-6
Let r(u) = u**2 - 63*u - 41. Give r(62).
-103
Let o(b) = -778*b - 33460. Determine o(-43).
-6
Let n(i) = i**2 + 573*i + 23762. Give n(-45).
2
Let d(b) = -63*b - 101. What is d(-2)?
25
Let r(q) = -q**2 + 22*q - 736. Determine r(32).
-1056
Let c(j) = 4*j**2 - 114*j + 752. Determine c(18).
-4
Let q(x) = x**2 - 37*x + 149. What is q(20)?
-191
Let k(z) = 18*z**3 - 5*z**2 + 3. Determine k(2).
127
Let a(z) = 617*z + 5548. What is a(-9)?
-5
Let x(m) = -2*m**3 + 60*m**2 + 63*m + 102. Determine x(31).
133
Let j(k) = 320*k + 4467. Calculate j(-14).
-13
Let z(y) = -y**3 - 54*y**2 - 61*y - 268. What is z(-53)?
156
Let m(n) = 57*n + 453. Calculate m(-8).
-3
Let g(k) = 76*k + 329. Give g(-4).
25
Let p(t) = -180*t - 5396. Give p(-30).
4
Let v(s) = 609*s - 6685. What is v(11)?
14
Let f(x) = 328*x + 12149. Give f(-37).
13
Let s(a) = a**3 + 25*a**2 + 54*a + 53. Calculate s(-22).
317
Let i(h) = 33*h - 256. What is i(16)?
272
Let o(y) = -y**3 + y**2 + 2*y + 19. What is o(0)?
19
Let c(i) = -2*i**3 + 158*i**2 - 4*i + 325. Calculate c(79).
9
Let t(v) = 266*v + 563. Determine t(-2).
31
Let w(x) = -4*x**2 + 85*x + 273. What is w(24)?
9
Let z(u) = -182*u - 710. What is z(-4)?
18
Let w(m) = 7*m**2 + 37*m + 13. What is w(-6)?
43
Let g(d) = 73*d - 264. Give g(6).
174
Let o(a) = -a + 41. Determine o(-15).
56
Let j(q) = 2*q**2 + 125*q - 421. What is j(-65)?
-96
Let f(p) = 13*p**3 + 300*p**2 + 24*p + 51. What is f(-23)?
28
Let k(t) = t**2 - 151*t + 4993. Determine k(103).
49
Let q(k) = k**3 + 176*k**2 - 774*k - 9705. What is q(-180)?
15
Let p(y) = y**3 - 8*y**2 - 14*y + 11. Give p(6).
-145
Let b(q) = -2993*q - 8983. What is b(-3)?
-4
Let i(h) = -34*h**2 + 499*h - 20. Calculate i(14).
302
Let l(k) = -15*k**2 + 288*k - 567. What is l(2)?
-51
Let u(r) = 20*r**2 - 8*r + 163. What is u(0)?
163
Let x(q) = -35*q + 528. What is x(15)?
3
Let y(i) = -11*i + 171. What is y(7)?
94
Let a(o) = -2*o**3 + 27*o**2 - 5*o + 277. Give a(14).
11
Let v(b) = 3*b**2 + 4579*b - 4579. Determine v(1).
3
Let m(f) = f**3 + 14*f**2 + 12*f - 1. Give m(-12).
143
Let k(j) = -20*j**2 - j. Determine k(1).
-21
Let g(c) = -7541*c - 45254. Give g(-6).
-8
Let h(a) = -a**3 + 24*a**2 - 29*a + 155. Calculate h(23).
17
Let g(m) = 119*m**2 + 2142*m + 7. What is g(-18)?
7
Let j(i) = 30*i - 323. Calculate j(7).
-113
Let z(s) = -506*s - 1451. Determine z(-3).
67
Let m(t) = -11*t**2 + 10*t - 13. Determine m(1).
-14
Let g(a) = -3*a**3 - 10*a**2 - 14*a - 12. Calculate g(-3).
21
Let f(a) = -36*a + 378. Determine f(10).
18
Let v(n) = -2*n**2 - 73*n - 384. Determine v(-20).
276
Let v(l) = l**3 - 5*l**2 - 117*l - 8. Give v(-6).
298
Let z(m) = 23*m - 2332. Give z(89).
-285
Let i(s) = s**3 + 19*s**2 + 60*s + 671. Calculate i(-19).
-469
Let u(w) = -2*w**3 - 34*w**2 - 28*w + 114. What is u(-16)?
50
Let i(q) = -q**3 + 50*q**2 - 99*q + 131. Give i(48).
-13
Let u(y) = -y**2 + 203*y - 6654. Determine u(41).
-12
Let p(q) = -4*q**3 - 142*q**2 - 70*q + 2. Calculate p(-35).
2
Let a(t) = 13*t**2 + 9*t - 22. Give a(2).
48
Let o(u) = -u**2 - 63*u + 79. Calculate o(-64).
15
Let a(y) = -23*y**2 + 324*y - 322. Determine a(13).
3
Let t(z) = -899*z - 16195. Calculate t(-18).
-13
Let z(r) = -6*r**2 - 218*r + 1429. Determine z(-42).
1
Let h(l) = l**3 + 17*l**2 + 17*l + 32. What is h(-16)?
16
Let l(w) = -2*w**3 + 23*w**2 - 4*w - 76. Give l(11).
1
Let o(q) = -q**3 - 31*q**2 - 80*q - 629. Determine o(-29).
9
Let c(b) = -b**2 + 1002*b + 5030. Calculate c(-5).
-5
Let f(h) = -h**2 - 20*h - 70. Calculate f(-14).
14
Let q(n) = n**3 + 6*n - 87. Determine q(6).
165
Let x(i) = i**2 - 63*i + 997. Determine x(28).
17
Let n(w) = w**2 - 58*w - 2193. Calculate n(84).
-9
Let i(p) = p**3 + 8*p**2 + 4*p - 41. Calculate i(-6).
7
Let n(b) = 2*b**2 + 88*b + 405. What is n(-5)?
15
Let y(u) = -134*u**3 + 2*u**2 - 12*u + 11. Determine y(1).
-133
Let x(l) = -6*l - 688. Give x(-114).
-4
Let n(x) = x**3 - 2*x**2 - 99*x + 358. Give n(4).
-6
Let c(j) = j**3 + 19*j**2 - 894*j - 16983. Give c(-19).
3
Let l(x) = 3*x**2 + 307*x + 7800. Determine l(-55).
-10
Let y(l) = l**2 - 6*l - 23. Determine y(-6).
49
Let g(q) = 2*q**3 - 68*q**2 - 7*q + 48. Calculate g(34).
-190
Let u(g) = -233*g**2 - 12*g + 11. Give u(1).
-234
Let o(a) = 37*a**2 - 227*a + 24. Give o(6).
-6
Let u(r) = 81*r - 1141. Calculate u(12).
-169
Let k(d) = 499*d + 1494. Calculate k(-3).
-3
Let g(q) = -q**3 - 6*q**2 + 90*q - 18. Give g(-13).
-5
Let u(w) = w**2 - 9*w - 2536. Determine u(-46).
-6
Let x(l) = -4*l**2 + 97*l - 58. What is x(23)?
57
Let f(y) = 47*y**2 - 3*y - 4. What is f(-1)?
46
Let k(t) = -t**3 - 2*t**2 - 58*t + 50. What is k(0)?
50
Let b(m) = m**3 - 62*m - 177. Calculate b(-5).
8
Let c(p) = -2*p**2 - 59*p - 142. Calculate c(-35).
-527
Let r(l) = 45*l + 492. Give r(-11).
-3
Let f(o) = 17*o**2 + 193*o + 39. Give f(-11).
-27
Let h(u) = u**3 + 11*u**2 - 14*u - 10. What is h(-12)?
14
Let r(o) = -o**3 + 20*o**2 + 11*o - 176. What is r(20)?
44
Let f(a) = -3*a**2 + 148*a + 607. Calculate f(53).
24
Let t(q) = -42*q - 129. What is t(-6)?
123
Let w(o) = -o**3 + 47*o**2 - 43*o - 141. Determine w(46).
-3
Let c(s) = -247*s + 9367. Give c(38).
-19
Let f(u) = -u**2 - 84*u - 1576. Calculate f(-55).
19
Let y(q) = -234*q + 4467. Determine y(19).
21
Let x(s) = s**3 - 10*s**2 - 116*s - 62. What is x(17)?
-11
Let w(h) = 36*h + 2161. Determine w(-60).
1
Let u(i) = i**3 + 12*i**2 - 33*i - 329. Determine u(-13).
-69
Let i(j) = -64*j**2 + 4*j - 7. What is i(2)?
-255
Let n(m) = -m**3 + m**2 + 6*m - 35. What is n(6)?
-179
Let p(w) = -31*w**3 - w**2 + 2*w. Calculate p(1).
-30
Let x(k) = -k**3 + 46*k**2 + 8*k - 370. Determine x(46).
-2
Let w(l) = l**2 + 20*l + 51. What is w(-27)?
240
Let r(s) = -3*s**2 - 763*s + 6299. Determine r(8).
3
Let r(k) = 6*k**2 + 83*k + 233. Calculate r(-6).
-49
Let y(n) = 129*n + 17428. Determine y(-135).
13
Let u(z) = -2*z**3 + 5*z**2 + 2*z - 2. Give u(-5).
363
Let y(o) = -6*o**2 - 297*o + 116. What is y(-50)?
-34
Let p(j) = 51*j - 884. Give p(16).
-68
Let x(w) = 328*w - 9831. Determine x(30).
9
Let g(z) = z**3 + 20*z**2 - 38*z - 404. Calculate g(-4).
4
Let u(s) = -272*s - 456. Calculate u(-2).
88
Let o(f) = -3*f**3 - 13*f**2 - 2*f + 5. What is o(-2)?
-19
Let z(r) = r**2 + 410*r + 2023. Determine z(-5).
-2
Let g(h) = -2*h**3 + 4*h**2 + 15*h + 13. Give g(4).
9
Let a(u) = u**2 + 6*u - 2299. Give a(-51).
-4
Let h(a) = 393*a + 49. Determine h(0).
49
Let u(l) = -38*l - 565. Give u(-18).
119
Let q(v) = -6*v**2 - 136*v - 86. Give q(-22).
2
Let g(s) = s**2 - 15*s - 328. Determine g(27).
-4
Let y(n) = 676*n - 4058. Calculate y(6).
-2
Let n(o) = -53*o - 1922. Calculate n(-36).
-14
Let t(w) = -2*w**3 + 333*w**2 + 164*w + 501. Determine t(167).
0
Let h(a) = -a**3 - 18*a**2 - 3*a - 415. Give h(-19).
3
Let v(s) = -s**3 + 98*s**2 + 517*s - 210. Give v(103).
-4
Let k(j) = -j**3 + 29*j**2 - 34*j - 8. Determine k(28).
-176
Let w(a) = 42*a + 2120. Calculate w(-54).
-148
Let y(t) = -2*t**3 + t**2 + 50*t - 88. What is y(0)?
-88
Let x(v) = -11*v**2 - 6*v + 14. Determine x(2).
